). Let x = w - 148. Is x composite?
True
Let s(w) = -1863*w - 118. Is s(-9) a prime number?
True
Suppose 13 = 3*i + o + 3*o, 4*o + 5 = 3*i. Suppose -937 = -i*g + 1616. Is g a composite number?
True
Let x(u) = -u + 7. Let r be x(5). Suppose -7 + 3 = -r*t. Suppose t*j - 39 - 35 = 0. Is j a composite number?
False
Let x = 16 - 19. Let w be 2 + 0*(-1)/x. Suppose -5*l - 4*r + 261 = 0, 1 = w*r - 3*r. Is l composite?
False
Is -1 - -2 - (-21744 - 24) a prime number?
False
Let c(i) = 10*i**3 + i**2 + 2. Let j be c(3). Let w = 230 + -68. Let y = j - w. Is y a composite number?
True
Let v be -1*(-1 - -1)/3. Suppose o - 4*l = 4*o - 4535, v = -5*o + 2*l + 7567. Is o a prime number?
False
Let r(w) = 335*w**3 + w**2. Let f be r(1). Let u be 70/(-4)*f/20. Let s = u + 593. Is s a prime number?
False
Let p = 7 - -121. Suppose -3*o = -p - 163. Is o a prime number?
True
Suppose c - 23 = -0*c + 5*r, 5*c = -r + 11. Suppose -5*f = m + c*m - 5419, -4*f = -5*m + 6825. Is m a prime number?
True
Let g be 590/4 - (-7)/(-14). Let d = 3 + -83. Let k = d + g. Is k composite?
False
Suppose -4*u + 513 = 4*n - 1243, 1315 = 3*u + 2*n. Suppose -i = -4*h - u, i + 4*i - 5*h = 2185. Is i a composite number?
True
Let t be (-108260)/8*((-8)/(-5))/(-1). Suppose -1987 = -11*x + t. Is x composite?
True
Let m be (-5)/(-1*(-3)/(-9)). Suppose -6*q + m = -5*y - 2*q, 4*q = 3*y + 17. Suppose 5*z + y - 66 = 0. Is z a composite number?
False
Is (-3 - -2)/((-38)/554458) a composite number?
False
Is (-12)/(672353/61127 + -11) a composite number?
True
Suppose 25*g - 27*g = -20. Suppose -w - 3*w + p = -2674, g = 5*p. Is w a prime number?
False
Let b(w) = -3*w - 4. Let q be b(-3). Suppose 3 = g, -3*c + 3420 = -q*g + 750. Is c a composite number?
True
Suppose -a + 2 = -3*c, 1 - 9 = -4*a + c. Let s be 40/14 - a/(-14). Suppose -u = s*u - 2140. Is u a prime number?
False
Let b = 216046 - 144887. Is b composite?
True
Let a = 678 - 222. Suppose -3*x - 4*d + 783 = 122, -2*x + 5*d = -a. Is x prime?
True
Suppose -4*m - 3 = -3*m, -5*g = 3*m - 500656. Is g prime?
False
Is 8/(-44) + ((-238308)/(-22) - 1) prime?
True
Is 1/(-1*(3 - 17810/5935)) prime?
True
Let h = -4700 + 10081. Is h composite?
False
Let p(m) = m**2 + 2. Let v be p(-5). Suppose -80 = 30*q + 100. Is (26/q)/((-3)/v) a prime number?
False
Let y = -39 - -44. Suppose -407 = y*v - 6*v. Is v a prime number?
False
Suppose 5*z + 8 = 3, 5*l + 19 = -4*z. Is (l - 1)/(-4) + 450 prime?
False
Suppose 5*s - q - 151 = 0, 4*s - 118 = -2*q - 0*q. Let l = s - -19. Suppose -61 = -5*y + l. Is y prime?
False
Let u(v) = 4 + 8*v - 8*v - 7*v**2 + 6*v. Let r be u(8). Let b = r - -715. Is b a composite number?
True
Suppose -20*k + 19*k = 614. Let s = -413 - k. Is s composite?
True
Let m be 5*3*212/(-20). Let n = m + 490. Is n composite?
False
Let r be (-430 - 0)/(24/(-36)). Let f = 2008 - r. Is f composite?
True
Let i be (-2 - (-2)/4)*-2. Let k(x) = 31*x**3 - 4*x**2 - 2. Is k(i) composite?
True
Let m(p) = p + 2. Let c be m(0). Suppose -731 - 263 = c*z. Let l = z - -708. Is l a composite number?
False
Suppose -2*c - 52 = -6*c. Let p(d) = 2*d**2 - 6*d + 7. Is p(c) prime?
False
Let y = 11357 + -6771. Is y composite?
True
Suppose 0*k - 2771 = -4*k - 5*a, 0 = 3*a - 9. Suppose 0 = 3*h - 0*h + 5*z - k, 3*z - 926 = -4*h. Is h composite?
False
Let i be (192/(-18))/(-4)*(-27)/(-12). Let f be ((-1)/(-2))/(3/30). Suppose -337 = -f*c + 2*m, -64 = -c - i*m + 3*m. Is c prime?
True
Let n(d) = 436*d**2 + 72*d + 19. Is n(16) prime?
True
Is (39062/9)/(13/(1170/20)) a prime number?
True
Let q(v) = -v**3 - 20*v**2 + 23*v + 47. Let f be q(-21). Suppose -3314 - 1291 = -f*b. Is b composite?
True
Let g(u) = 29*u**2 - 10*u - 3. Let d be g(5). Suppose -532 = -2*a - 2*a. Suppose o + 3*w = 272, 2*o + a = -5*w + d. Is o a prime number?
True
Let r(b) = -42*b**3 - 6*b**2 + 2*b + 39. Is r(-7) composite?
True
Let j be (18/8)/(21/(-224)). Let n = 66 + j. Let t = 111 - n. Is t composite?
True
Suppose 3*r + 1152 = 4*a, 4*r + 1506 + 26 = 4*a. Let c = r + 591. Is c a composite number?
False
Suppose -1 = c - 4. Suppose 864 = c*p - 2253. Is p a prime number?
True
Let u(m) = 54*m - 14. Let b be u(6). Suppose 0*g + 2*g - b = 0. Is g composite?
True
Suppose 5*o = b - 23117, -b = -2*o - o - 13869. Is 2/18 + o/(-18) prime?
True
Let t = 1 - 7. Let a(m) = -2*m**3 - 4*m**2 + 2*m + 11. Is a(t) prime?
False
Suppose 5*v + 5*c = 760, 0 = -5*v + 5*c + 234 + 476. Let i = 341 - v. Is i a prime number?
False
Let n(j) be the third derivative of -j**6/30 + 7*j**5/60 - 5*j**4/24 - 7*j**3/6 - 5*j**2. Is n(-6) composite?
True
Let x = 96 - 15. Suppose 0 = -3*u + x + 120. Is u prime?
True
Suppose 3*j + 2*l - 784 = 0, -4*j + j - l + 788 = 0. Suppose -j = -f - 61. Is f a prime number?
False
Let p(n) be the third derivative of -n**6/60 - n**5/20 + n**4/6 - 5*n**3/6 - 3*n**2. Suppose -9 = 3*k + 9. Is p(k) a prime number?
False
Is 40/(0 + 10) - -1653 composite?
False
Let o(g) = 2*g + 2. Let v = -15 - 9. Let z = v - -34. Is o(z) a composite number?
True
Suppose 14*o - 9*o - 215 = 3*g, 0 = -5*g. Suppose -44*k = -o*k - 2579. Is k a prime number?
True
Suppose -3*b - 9333 = -12*b. Suppose -3*i = -2*x + b, 5*x + 2*i = -i + 2582. Is x composite?
True
Let i(s) = 28*s**2 + 24*s - 61. Is i(15) a composite number?
False
Suppose 0 = -6*a + 31*a - 60325. Is a composite?
True
Suppose -2*w = 3*a - 10870, 2*w - 4*a = -w + 16305. Is w a prime number?
False
Let w(b) = -12*b**3 - 4*b**2 + 3*b + 7. Is w(-6) prime?
True
Let k(b) = -b**3 - 5*b**2 + 5*b - 1. Suppose -13 = 2*t - 1. Let y be k(t). Let h(d) = 3*d**2 - 2*d + 2. Is h(y) a prime number?
True
Suppose 3*i - 33 = 3*q, -2*i - 3*q = 7*i - 99. Let f(w) be the second derivative of 76*w**3/3 + 21*w**2/2 - w. Is f(i) a prime number?
True
Let v be 3 + -5 + (8 - -4). Suppose 9*n + 53 = v*n. Is n a composite number?
False
Let g(t) = 6*t. Let z be g(-1). Let h(v) = -9*v + 13. Is h(z) a prime number?
True
Let m(o) = -20*o**3 + 3*o**2 + o - 3. Let u(f) = 40*f**3 - 7*f**2 - 3*f + 7. Let v(l) = -9*m(l) - 4*u(l). Suppose 9*c + 10 = 37. Is v(c) prime?
True
Let j(k) = -375*k + 20. Let f(x) = -125*x + 7. Let c(o) = -8*f(o) + 3*j(o). Is c(-3) composite?
False
Let f(s) = 263*s**2 + s + 1. Suppose -4 = 2*i + 5*n, 2*i + 2*n - 2 = -0*n. Suppose 4*t - 3*t = 4*g - 5, 2*t = g - i. Is f(t) a prime number?
True
Suppose 2*y - 392 = 834. Is y composite?
False
Suppose 32547 = 12*i - 441. Is i a prime number?
True
Suppose 49*p - 292665 = -2*d + 44*p, 146360 = d - 3*p. Is d a prime number?
False
Suppose -5*r - 19575 = 5*p, -5*r - 4*p - 11740 = -2*r. Is r/(-25) + -2 + 22/10 a prime number?
True
Suppose -3*b - 27 = -225. Suppose -b + 292 = d - 5*h, -4 = -2*h. Let g = d - 87. Is g a prime number?
True
Let c(d) be the second derivative of -3*d**5/10 + 2*d**4/3 + 19*d**3/6 - 11*d**2 - 22*d. Is c(-9) composite?
True
Let i(l) = 15*l**2 - 3*l + 1. Let f(y) = y**2 + 8*y + 5. Let p be f(-8). Let k be -1*(p - -1) + 3. Is i(k) a prime number?
False
Let k = 1069 - -541. Let a = k - 103. Is a a composite number?
True
Is ((-23015)/25 + -3)/(24/(-60)) prime?
True
Let a = 40 + -40. Suppose 25 = 5*s - 0*s + z, 20 = 4*s - z. Suppose -2*x + s*x - 1623 = a. Is x prime?
True
Let a(f) = -70*f - 1. Let r(v) = v**3 + 12*v**2 + 2*v + 18. Let u be (4/(-10))/((-3)/(-90)). Let y be r(u). Is a(y) a composite number?
False
Let a(n) = 37*n**3 + 21*n**2 + 42 + 26*n - 11 - 36*n**3. Is a(-17) a composite number?
True
Let d(t) = t**2 - 7*t + 9. Let b be d(5). Is ((-395)/10)/(b/2) a composite number?
False
Suppose 0 = z + z - 44. Suppose -z = -4*c + 2*v, 2*v - 3*v = -3*c + 16. Suppose 0 = 2*k + 5*u - 244, -190 - 455 = -c*k + 5*u. Is k prime?
True
Let d be (-2 + (-2)/(-2))/(-1). Is (d/(-1))/(6/(-18)) a prime number?
True
Suppose 0 = d - 11737 - 1594. Suppose 0 = 8*y - d - 485. Is y a composite number?
True
Let s = -7585 - -20514. Is s a composite number?
True
Suppose 4*i - 12*t - 5631 = -11*t, 3*t = -2*i + 2833. Is i prime?
True
Suppose -5*t = -3*r + 10054, -2*r + 4*t + 1522 = -5178. Let f = r - 1799. Is f prime?
True
Is ((-2)/4)/(((-143)/(-10738))/(-11)) composite?
True
Let f(i) = 126*i**3 + 3*i**2 + 14*i - 26. Is f(5) prime?
False
Let i = 843 + 12404. Is i a composite number?
True
Is -3*12/(-6) - -227 composite?
False
Let o(b) = -2*b**3 - 7*b**2 - 7*b + 29. Is o(-11) c